)?
3
Suppose -128*q = -125*q - 777. Suppose -3*z = 3*a - 675, -z = 4*a + 31 - q. What is the tens digit of z?
2
What is the thousands digit of ((-130221)/(-42))/((-21)/(-252))?
7
What is the thousands digit of (26060/14)/(171/1197)?
3
Let u(d) = -d**2 - 3*d + 8. Let x be u(0). Let q(l) = 27*l - 62. What is the tens digit of q(x)?
5
Suppose 20*v - 47548 = -16*v + 41948. What is the tens digit of v?
8
Let x(f) = -105*f + 3. Let l be x(2). Let c(w) = -2*w**3 - 16*w**2 + 34*w + 3. Let a be c(-11). Let u = a + l. What is the tens digit of u?
4
Let h be ((-192)/(-9))/(1/(-3)). Let s(x) = 13*x + 49. Let m be s(10). Let r = h + m. What is the tens digit of r?
1
Let c(z) = -z**2 - 81*z - 31. Suppose 126 = -41*b + 38*b. What is the tens digit of c(b)?
0
Let a = 1026 - -9872. What is the ten thousands digit of a?
1
Let h(j) = j**2 - 17*j + 11. Let t(g) = -2*g**2 + 35*g - 21. Let s(l) = -7*h(l) - 3*t(l). Let m be s(13). What is the units digit of 1/((-1)/(-88)) - (m - -1)?
8
Let q be 0*(21/(-6) - -4). Suppose q = -2*h - 4, -s + 54 = 4*h - 12. Suppose 0*u = -u + s. What is the tens digit of u?
7
Let d(p) = 50*p - 308. Let c be d(6). What is the tens digit of 88144/56 + c/(-1)?
8
Suppose -19*l - 1408 = -21*l. Let t = l - 283. What is the tens digit of t?
2
Let r be 10*12/(-2) + -3. Let o be ((-2)/11 - r/(-77))*0. What is the tens digit of (o - -3)*15/(270/372)?
6
Suppose -y + 10 = y. Suppose -197 = -c - 5*n, 0 = -y*c - 0*n + 2*n + 877. Let f = c - 104. What is the units digit of f?
3
Suppose -3*r + 15521 + 691 = 4*k, k - 4053 = r. What is the tens digit of k?
5
Suppose 2*w - 35 = -z - 2*w, z - 23 = -w. Let v = z + 262. What is the hundreds digit of v?
2
What is the units digit of (7 + (-363)/55)/(((-39)/324360)/(-13))?
8
Suppose 19*m + 20 = 23*m. Suppose 6 = -m*y + 4*o - 14, y - 2*o = -10. Suppose y = -3*q + 16 + 53. What is the tens digit of q?
2
Let d be 4 + -1 + 1 - (-7 - -13). What is the units digit of (28 - d)*12 - 8?
2
Let u(x) = -8*x**2 - 5*x - 3. Let v be u(-1). What is the units digit of (16/v)/(4/(-216))?
4
Let m = -203 - -247. What is the units digit of (-2)/(-5) + m/20*23?
1
Suppose 0 = -7*x - v + 402218, 5*x - 2*v - 52739 = 234565. What is the thousands digit of x?
7
Let v(k) = k**3 + 2*k**2 - 4*k + 1. Let j be v(1). Suppose j = -6*l + 3475 + 5495. What is the units digit of l?
5
Suppose 4*p - 104 = 4*z, -3*p - z - 10 = -84. Suppose p = 4*q + 25. Suppose -14*u + 15*u - 19 = q. What is the tens digit of u?
1
Let w(p) = 134*p + 2718. What is the tens digit of w(60)?
5
Let o(i) = i**3 - 50*i**2 - 36*i - 36. What is the units digit of o(53)?
3
Suppose 10245 + 7768 = 5*b + 2*v, -3*v + 12 = 0. What is the tens digit of b?
0
Let t = 3 + -6. Let s(n) be the second derivative of n**4/6 - n**3/2 + n**2 - 119*n. What is the units digit of s(t)?
9
Let y(g) = -3*g**3 - 9*g**2 - 20*g - 15. Let a(i) = -4*i**3 - 9*i**2 - 22*i - 16. Let m(n) = -4*a(n) + 5*y(n). What is the units digit of m(11)?
9
Let x = 428 + -443. What is the tens digit of 1 + -1 + 115/x*-3?
2
Suppose 2*r = -0*r + 460. Suppose 0 = -3*u + 4*z + 105 + r, 4*z = 4*u - 440. What is the tens digit of u?
0
Let r = -77 + 130. Let i = -48 + r. Suppose 4*z - 119 = -i*c, 7*c + z = 2*c + 116. What is the tens digit of c?
2
Let f(u) = 76*u - 56. Let m(o) = 153*o - 113. Let s(j) = -5*f(j) + 3*m(j). What is the units digit of s(13)?
8
Let l = 1534 + 780. Let n = 3338 - l. What is the units digit of n?
4
Suppose 4293 = x - 4*o, 0 = -812*x + 816*x + 2*o - 17280. What is the units digit of x?
7
Let c be 2 + 136 - 0/(-1). Let l be ((-2208)/240)/((-368)/180 + 2). Let t = l - c. What is the units digit of t?
9
Suppose 4*c - 19378 = 3*x - 175517, 0 = x + 3*c - 52029. What is the thousands digit of x?
2
Let w = -1296 - -1607. What is the hundreds digit of w?
3
Let z = -9 - -3. Let a(x) = x**3 + 5*x**2 + 3*x + 15. Let l be a(z). What is the units digit of 6/(((-1)/l)/(4/12))?
8
Let k(o) be the first derivative of 92*o**3/3 - 4*o**2 + 5*o + 163. What is the hundreds digit of k(3)?
8
Let w(b) = -42*b**3 + 9*b**2 + 50*b + 342. What is the units digit of w(-7)?
9
Suppose 14*t - 15*t = 56. Let n = t + -54. What is the units digit of -2 - n - (7 - 5)?
6
Let a be 14/18 + 6/27. Let o = 2 + a. Suppose -5*n + 73 = -4*y, -n + 83 = o*n + 5*y. What is the tens digit of n?
1
Let t(j) = 3*j**2 + 18 + 0*j**2 - 3*j + 0*j - 4*j. Suppose 0 + 6 = l. What is the tens digit of t(l)?
8
Let z(r) = -43*r**2 + 2*r + 1. Let b be z(-6). Let p = b + 906. Let c = p + 962. What is the tens digit of c?
0
Suppose 285*a + 34142 = 147*a + 140*a. What is the units digit of a?
1
Let c(h) = 11*h**2 + 87*h + 1741. What is the thousands digit of c(-47)?
1
Suppose 33*a + 116329 = -19*a + 679853. What is the ten thousands digit of a?
1
Suppose 0 = -2*j + 3*h + 10831, 3*j + 2*h - 6*h = 16246. What is the hundreds digit of j?
4
Let y(q) = -2 + 2*q + 21*q + 9*q + 18*q. Let m be (-3)/(2/8*-6). What is the tens digit of y(m)?
9
Let j be ((-4)/12*-51)/1. Let y = 40 - 38. Suppose 4*u = -y*n + 14, 0*u + u - 4*n = j. What is the units digit of u?
5
Let s(n) be the third derivative of -2*n**4 + 13*n**3/6 - 5*n**2. Let i be s(-3). Let x = i - 89. What is the tens digit of x?
6
Let m = -74 - -68. Let s(j) = -j**3 - 7*j**2 - 10*j - 17. What is the units digit of s(m)?
7
Let v(g) = -g**3 - 24*g**2 - 10*g - 58. Let o(s) = s**3 + 24*s**2 + 11*s + 59. Let l(r) = -6*o(r) - 7*v(r). What is the thousands digit of l(-10)?
1
Suppose -2*a - 40*r + 45*r + 18998 = 0, -2*a = 2*r - 18984. What is the hundreds digit of a?
4
Let h = -110 - -119. Let u(m) = 13*m**2 - 73*m - 1. What is the units digit of u(h)?
5
Suppose -6*s - 115115 = -8*s + x, -9*s - x = -518001. What is the units digit of s?
6
Suppose 11*t - 16*t - 25 = 0, -2*s + 47153 = 3*t. What is the units digit of s?
4
Suppose 2*p - 29980 = 3*h, -15*p + h = -21*p + 90020. What is the ten thousands digit of p?
1
What is the hundreds digit of 3/(-3)*((-98604)/4 + 0 + -8)?
6
Let h = -10668 - -19441. What is the thousands digit of h?
8
Suppose -t = p - 7, 5*t = 2*p + 2*p - 19. What is the tens digit of 7*p/(-21) + 0 + 317?
1
Let u(k) = -k**2 + 2*k + 11. Let g(x) = 7*x - 10. Let o be g(2). Let d be u(o). Suppose -3*r + 5*n = -r - 157, 273 = d*r + 5*n. What is the tens digit of r?
8
Let l = 28079 - 15137. What is the hundreds digit of l?
9
Let t(c) = 21*c + 8. Let s be (13 - 10) + 0 + -1. Suppose -3*g = -s*g, -5*a + 5*g + 35 = 0. What is the tens digit of t(a)?
5
Suppose 8*v = -8*v + 15*v. Suppose -3*g + 3*i + 408 = v, -9*i - 277 = -2*g - 6*i. What is the hundreds digit of g?
1
Suppose -2*v - 32 = -3*h, -4*v - 64 = 4*h - h. What is the units digit of (1 - 1*-2)/(v/(-32))?
6
Suppose -3*l - 993 = -3*g, -l - 997 = -3*g + 3*l. Suppose 12*b - 3*b - 81 = 0. Suppose b*x - 834 = g. What is the hundreds digit of x?
1
Let w(k) = k**2 - 5*k - 11. Suppose -10 = -3*t + 2. Suppose t*h - 6*g + 4*g = 24, -4*g = -2*h. What is the units digit of w(h)?
3
Let v = 15371 - 9701. What is the tens digit of v?
7
Suppose -352*b + 48400 = -347*b. What is the tens digit of b?
8
Let g(m) = -66*m - 137. Suppose 14*n - 40 = 18*n. What is the hundreds digit of g(n)?
5
Let n be (-1358)/4*104/182. What is the units digit of (n/(-10))/((-7)/(-70))?
4
Suppose 4*a + 2 + 44 = 2*o, -3*o - 4*a = -119. Suppose -31*w + o*w - 10 = 0. Suppose w*v + 4*x = 123 + 272, 5 = -x. What is the tens digit of v?
8
Let z(l) = -l**2 + 16*l - 34. Let n be z(13). Suppose -u + 4*v = -143, 3*u - 446 = -0*u - n*v. Let w = 270 - u. What is the hundreds digit of w?
1
Suppose -20*x = -4*x - 162432. What is the hundreds digit of x?
1
Suppose -23*y + 20*y + 30611 = -14308. What is the units digit of y?
3
Suppose 0 = -5*r - 15*k + 13*k + 18436, k + 7 = 0. What is the tens digit of r?
9
What is the thousands digit of 4*690918/216 + (-66)/(-297)?
2
Let n(p) = p**2 + 19*p - 4. Let r be (3 - (-201)/(-9)) + 6/(-9). Let j be n(r). Suppose 0 = j*k - 11*k - 310. What is the tens digit of k?
6
Let r(p) = -3*p**2 - 38*p + 28. Let f(s) = s**2 + s + 1. Let c(w) = -2*f(w) - r(w). What is the tens digit of c(23)?
2
Suppose -16*f + 1200975 = 51*f. What is the hundreds digit of f?
9
Suppose 15433 = -8*z + 98953. What is the units digit of z?
0
Suppose 283*y = 289*y. Suppose 52*n - 35*n - 11067 = y. What is the h